CRAN Package Check Results for Package eicm

Last updated on 2022-06-27 15:53:42 CEST.

Flavor Version Tinstall Tcheck Ttotal Status Flags
r-devel-linux-x86_64-debian-clang 1.0.1 10.32 209.32 219.64 OK
r-devel-linux-x86_64-debian-gcc 1.0.1 7.04 155.66 162.70 OK
r-devel-linux-x86_64-fedora-clang 1.0.1 274.93 NOTE
r-devel-linux-x86_64-fedora-gcc 1.0.1 273.81 NOTE
r-devel-windows-x86_64 1.0.1 42.00 348.00 390.00 OK
r-patched-linux-x86_64 1.0.1 10.72 206.29 217.01 OK
r-release-linux-x86_64 1.0.1 9.02 202.08 211.10 OK
r-release-macos-arm64 1.0.1 82.00 NOTE
r-release-macos-x86_64 1.0.1 128.00 NOTE
r-release-windows-x86_64 1.0.1 48.00 343.00 391.00 OK
r-oldrel-macos-arm64 1.0.1 99.00 NOTE
r-oldrel-macos-x86_64 1.0.1 188.00 NOTE
r-oldrel-windows-ix86+x86_64 1.0.1 28.00 351.00 379.00 OK

Check Details

Version: 1.0.1
Check: dependencies in R code
Result: NOTE
    Namespace in Imports field not imported from: ‘snow’
     All declared Imports should be used.
Flavors: r-devel-linux-x86_64-fedora-clang, r-devel-linux-x86_64-fedora-gcc, r-release-macos-arm64, r-release-macos-x86_64, r-oldrel-macos-arm64, r-oldrel-macos-x86_64