CRAN Package Check Results for Package eggCounts

Last updated on 2022-06-28 15:53:16 CEST.

Flavor Version Tinstall Tcheck Ttotal Status Flags
r-devel-linux-x86_64-debian-clang 2.3-2 813.24 161.24 974.48 NOTE
r-devel-linux-x86_64-debian-gcc 2.3-2 783.26 153.74 937.00 NOTE
r-devel-linux-x86_64-fedora-clang 2.3-2 1427.62 NOTE
r-devel-linux-x86_64-fedora-gcc 2.3-2 1542.54 NOTE
r-devel-windows-x86_64 2.3-2 564.00 259.00 823.00 NOTE
r-patched-linux-x86_64 2.3-2 616.16 203.02 819.18 NOTE
r-release-linux-x86_64 2.3-2 632.25 198.83 831.08 NOTE
r-release-macos-arm64 2.3-2 352.00 NOTE
r-release-macos-x86_64 2.3-2 706.00 NOTE
r-release-windows-x86_64 2.3-2 554.00 263.00 817.00 NOTE
r-oldrel-macos-arm64 2.3-2 273.00 NOTE
r-oldrel-macos-x86_64 2.3-2 467.00 NOTE
r-oldrel-windows-ix86+x86_64 2.3-2 1924.00 343.00 2267.00 NOTE

Check Details

Version: 2.3-2
Check: package dependencies
Result: NOTE
    Package suggested but not available for checking: 'eggCountsExtra'
Flavors: r-devel-linux-x86_64-debian-clang, r-devel-linux-x86_64-debian-gcc, r-devel-linux-x86_64-fedora-clang, r-devel-linux-x86_64-fedora-gcc, r-devel-windows-x86_64, r-patched-linux-x86_64, r-release-linux-x86_64, r-release-macos-arm64, r-release-macos-x86_64, r-release-windows-x86_64, r-oldrel-macos-arm64, r-oldrel-macos-x86_64, r-oldrel-windows-ix86+x86_64

Version: 2.3-2
Check: for GNU extensions in Makefiles
Result: NOTE
    GNU make is a SystemRequirements.
Flavors: r-devel-linux-x86_64-debian-clang, r-devel-linux-x86_64-debian-gcc, r-devel-linux-x86_64-fedora-clang, r-devel-linux-x86_64-fedora-gcc, r-devel-windows-x86_64, r-patched-linux-x86_64, r-release-linux-x86_64, r-release-macos-arm64, r-release-macos-x86_64, r-release-windows-x86_64, r-oldrel-macos-arm64, r-oldrel-macos-x86_64, r-oldrel-windows-ix86+x86_64

Version: 2.3-2
Check: installed package size
Result: NOTE
     installed size is 73.1Mb
     sub-directories of 1Mb or more:
     libs 72.4Mb
Flavors: r-devel-linux-x86_64-fedora-clang, r-devel-windows-x86_64, r-release-macos-arm64, r-release-macos-x86_64, r-release-windows-x86_64, r-oldrel-macos-arm64, r-oldrel-macos-x86_64, r-oldrel-windows-ix86+x86_64