Last updated on 2023-02-02 04:05:44 CET.
Flavor | Version | Tinstall | Tcheck | Ttotal | Status | Flags |
---|---|---|---|---|---|---|
r-devel-linux-x86_64-debian-clang | 0.2.2 | 5.10 | 44.90 | 50.00 | NOTE | |
r-devel-linux-x86_64-debian-gcc | 0.2.2 | 3.84 | 34.00 | 37.84 | NOTE | |
r-devel-linux-x86_64-fedora-clang | 0.2.2 | 68.51 | NOTE | |||
r-devel-linux-x86_64-fedora-gcc | 0.2.2 | 65.71 | NOTE | |||
r-patched-linux-x86_64 | 0.2.2 | 6.15 | 44.44 | 50.59 | NOTE | |
r-release-linux-x86_64 | 0.2.2 | 5.08 | 48.73 | 53.81 | NOTE | |
r-release-macos-arm64 | 0.2.2 | 22.00 | NOTE | |||
r-release-macos-x86_64 | 0.2.2 | 45.00 | NOTE | |||
r-release-windows-x86_64 | 0.2.2 | 21.00 | 87.00 | 108.00 | NOTE | |
r-oldrel-macos-arm64 | 0.2.2 | 26.00 | NOTE | |||
r-oldrel-macos-x86_64 | 0.2.2 | 35.00 | NOTE | |||
r-oldrel-windows-ix86+x86_64 | 0.2.2 | 13.00 | 70.00 | 83.00 | NOTE |
Version: 0.2.2
Check: LazyData
Result: NOTE
'LazyData' is specified without a 'data' directory
Flavors: r-devel-linux-x86_64-debian-clang, r-devel-linux-x86_64-debian-gcc, r-devel-linux-x86_64-fedora-clang, r-devel-linux-x86_64-fedora-gcc, r-patched-linux-x86_64, r-release-linux-x86_64, r-release-macos-arm64, r-release-macos-x86_64, r-release-windows-x86_64, r-oldrel-macos-arm64, r-oldrel-macos-x86_64, r-oldrel-windows-ix86+x86_64