CRAN Package Check Results for Package effectsize

Last updated on 2020-11-30 03:47:39 CET.

Flavor Version Tinstall Tcheck Ttotal Status Flags
r-devel-linux-x86_64-debian-clang 0.4.0 10.01 214.06 224.07 OK
r-devel-linux-x86_64-debian-gcc 0.4.0 6.91 158.11 165.02 OK
r-devel-linux-x86_64-fedora-clang 0.4.0 261.35 NOTE
r-devel-linux-x86_64-fedora-gcc 0.4.0 278.83 OK
r-devel-windows-ix86+x86_64 0.4.0 13.00 264.00 277.00 OK
r-patched-linux-x86_64 0.4.0 9.59 210.39 219.98 OK
r-patched-solaris-x86 0.4.0 347.70 OK
r-release-linux-x86_64 0.4.0 7.45 210.72 218.17 OK
r-release-macos-x86_64 0.4.0 OK
r-release-windows-ix86+x86_64 0.4.0 15.00 218.00 233.00 OK
r-oldrel-macos-x86_64 0.4.0 OK
r-oldrel-windows-ix86+x86_64 0.4.0 12.00 234.00 246.00 OK

Check Details

Version: 0.4.0
Check: Rd cross-references
Result: NOTE
    Undeclared package ‘lavaan’ in Rd xrefs
Flavor: r-devel-linux-x86_64-fedora-clang