CRAN Package Check Results for Package edibble

Last updated on 2022-10-06 03:58:27 CEST.

Flavor Version Tinstall Tcheck Ttotal Status Flags
r-devel-linux-x86_64-debian-clang 0.1.1 10.01 86.54 96.55 OK
r-devel-linux-x86_64-debian-gcc 0.1.2 7.00 62.21 69.21 OK
r-devel-linux-x86_64-fedora-clang 0.1.2 123.33 NOTE
r-devel-linux-x86_64-fedora-gcc 0.1.2 118.60 NOTE
r-devel-windows-x86_64 0.1.2 56.00 125.00 181.00 OK
r-patched-linux-x86_64 0.1.2 10.46 80.11 90.57 OK
r-release-linux-x86_64 0.1.1 9.17 80.22 89.39 OK
r-release-macos-arm64 0.1.1 34.00 NOTE
r-release-macos-x86_64 0.1.1 50.00 NOTE
r-release-windows-x86_64 0.1.2 48.00 115.00 163.00 OK
r-oldrel-macos-arm64 0.1.1 31.00 NOTE
r-oldrel-macos-x86_64 0.1.1 48.00 NOTE
r-oldrel-windows-ix86+x86_64 0.1.2 18.00 109.00 127.00 OK

Check Details

Version: 0.1.2
Check: dependencies in R code
Result: NOTE
    Namespace in Imports field not imported from: ‘R6’
     All declared Imports should be used.
Flavors: r-devel-linux-x86_64-fedora-clang, r-devel-linux-x86_64-fedora-gcc

Version: 0.1.1
Check: dependencies in R code
Result: NOTE
    Namespace in Imports field not imported from: ‘R6’
     All declared Imports should be used.
Flavors: r-release-macos-arm64, r-release-macos-x86_64, r-oldrel-macos-arm64, r-oldrel-macos-x86_64