Last updated on 2022-07-03 03:49:54 CEST.
Flavor | Version | Tinstall | Tcheck | Ttotal | Status | Flags |
---|---|---|---|---|---|---|
r-devel-linux-x86_64-debian-clang | 0.3.0 | 17.50 | 159.31 | 176.81 | OK | |
r-devel-linux-x86_64-debian-gcc | 0.3.0 | 13.41 | 117.26 | 130.67 | OK | |
r-devel-linux-x86_64-fedora-clang | 0.3.0 | 217.85 | NOTE | |||
r-devel-linux-x86_64-fedora-gcc | 0.3.0 | 216.11 | NOTE | |||
r-devel-windows-x86_64 | 0.3.0 | 28.00 | 186.00 | 214.00 | OK | |
r-patched-linux-x86_64 | 0.3.0 | 17.64 | 148.83 | 166.47 | OK | |
r-release-linux-x86_64 | 0.3.0 | 16.76 | 151.56 | 168.32 | OK | |
r-release-macos-arm64 | 0.3.0 | 60.00 | NOTE | |||
r-release-macos-x86_64 | 0.3.0 | 100.00 | NOTE | |||
r-release-windows-x86_64 | 0.3.0 | 39.00 | 193.00 | 232.00 | OK | |
r-oldrel-macos-arm64 | 0.3.0 | 64.00 | NOTE | |||
r-oldrel-macos-x86_64 | 0.3.0 | 110.00 | NOTE | |||
r-oldrel-windows-ix86+x86_64 | 0.3.0 | 41.00 | 172.00 | 213.00 | OK |
Version: 0.3.0
Check: dependencies in R code
Result: NOTE
Namespaces in Imports field not imported from:
‘dae’ ‘dplyr’
All declared Imports should be used.
Flavors: r-devel-linux-x86_64-fedora-clang, r-devel-linux-x86_64-fedora-gcc, r-release-macos-arm64, r-release-macos-x86_64, r-oldrel-macos-arm64, r-oldrel-macos-x86_64