CRAN Package Check Results for Package ecostatscale

Last updated on 2021-09-17 15:52:19 CEST.

Flavor Version Tinstall Tcheck Ttotal Status Flags
r-devel-linux-x86_64-debian-clang 1.0 2.05 32.05 34.10 OK
r-devel-linux-x86_64-debian-gcc 1.0 1.85 24.52 26.37 OK
r-devel-linux-x86_64-fedora-clang 1.0 49.57 NOTE
r-devel-linux-x86_64-fedora-gcc 1.0 38.87 NOTE
r-devel-windows-x86_64 1.0 3.00 46.00 49.00 OK
r-devel-windows-x86_64-gcc10-UCRT 1.0 NOTE
r-patched-linux-x86_64 1.0 2.21 30.97 33.18 OK
r-patched-solaris-x86 1.0 58.90 NOTE
r-release-linux-x86_64 1.0 2.42 30.43 32.85 OK
r-release-macos-arm64 1.0 NOTE
r-release-macos-x86_64 1.0 NOTE
r-release-windows-ix86+x86_64 1.0 6.00 35.00 41.00 OK
r-oldrel-macos-x86_64 1.0 NOTE
r-oldrel-windows-ix86+x86_64 1.0 6.00 38.00 44.00 OK

Check Details

Version: 1.0
Check: dependencies in R code
Result: NOTE
    Namespace in Imports field not imported from: ‘graphics’
     All declared Imports should be used.
Flavors: r-devel-linux-x86_64-fedora-clang, r-devel-linux-x86_64-fedora-gcc, r-devel-windows-x86_64-gcc10-UCRT, r-patched-solaris-x86, r-release-macos-arm64, r-release-macos-x86_64, r-oldrel-macos-x86_64