CRAN Package Check Results for Package ecospat

Last updated on 2022-08-08 03:55:41 CEST.

Flavor Version Tinstall Tcheck Ttotal Status Flags
r-devel-linux-x86_64-debian-clang 3.3 59.31 548.23 607.54 OK
r-devel-linux-x86_64-debian-gcc 3.3 47.78 403.34 451.12 OK
r-devel-linux-x86_64-fedora-clang 3.3 731.50 NOTE
r-devel-linux-x86_64-fedora-gcc 3.3 OK
r-devel-windows-x86_64 3.3 81.00 587.00 668.00 OK
r-patched-linux-x86_64 3.3 58.00 529.53 587.53 OK
r-release-linux-x86_64 3.3 OK
r-release-macos-arm64 3.3 190.00 OK
r-release-macos-x86_64 3.3 220.00 OK
r-release-windows-x86_64 3.3 91.00 608.00 699.00 OK
r-oldrel-macos-arm64 3.3 191.00 OK
r-oldrel-macos-x86_64 3.3 211.00 OK
r-oldrel-windows-ix86+x86_64 3.3 118.00 592.00 710.00 OK

Additional issues

donttest

Check Details

Version: 3.3
Check: package dependencies
Result: NOTE
    Imports includes 22 non-default packages.
    Importing from so many packages makes the package vulnerable to any of
    them becoming unavailable. Move as many as possible to Suggests and
    use conditionally.
Flavor: r-devel-linux-x86_64-fedora-clang