CRAN Package Check Results for Package ecm

Last updated on 2022-08-16 04:53:36 CEST.

Flavor Version Tinstall Tcheck Ttotal Status Flags
r-devel-linux-x86_64-debian-clang 6.3.0 3.50 31.37 34.87 OK
r-devel-linux-x86_64-debian-gcc 6.3.0 2.24 23.83 26.07 OK
r-devel-linux-x86_64-fedora-clang 6.3.0 52.75 NOTE
r-devel-linux-x86_64-fedora-gcc 6.3.0 50.55 NOTE
r-devel-windows-x86_64 6.3.0 10.00 68.00 78.00 OK
r-patched-linux-x86_64 6.3.0 3.42 29.25 32.67 OK
r-release-linux-x86_64 6.3.0 3.29 29.14 32.43 OK
r-release-macos-arm64 6.3.0 17.00 NOTE
r-release-macos-x86_64 6.3.0 29.00 NOTE
r-release-windows-x86_64 6.3.0 12.00 65.00 77.00 OK
r-oldrel-macos-arm64 6.3.0 28.00 NOTE
r-oldrel-macos-x86_64 6.3.0 37.00 NOTE
r-oldrel-windows-ix86+x86_64 6.3.0 10.00 72.00 82.00 OK

Check Details

Version: 6.3.0
Check: dependencies in R code
Result: NOTE
    Namespaces in Imports field not imported from:
     ‘lmtest’ ‘sandwich’ ‘urca’
     All declared Imports should be used.
Flavors: r-devel-linux-x86_64-fedora-clang, r-devel-linux-x86_64-fedora-gcc, r-release-macos-arm64, r-release-macos-x86_64, r-oldrel-macos-arm64, r-oldrel-macos-x86_64