CRAN Package Check Results for Package echarts4r

Last updated on 2020-08-13 15:51:01 CEST.

Flavor Version Tinstall Tcheck Ttotal Status Flags
r-devel-linux-x86_64-debian-clang 0.3.2 1.07 2.35 3.42 ERROR
r-devel-linux-x86_64-debian-gcc 0.3.2 11.05 77.46 88.51 OK
r-devel-linux-x86_64-fedora-clang 0.3.2 140.52 OK
r-devel-linux-x86_64-fedora-gcc 0.3.2 131.80 OK
r-devel-windows-ix86+x86_64 0.3.2 37.00 204.00 241.00 OK
r-patched-linux-x86_64 0.3.2 12.97 100.84 113.81 OK
r-patched-solaris-x86 0.3.2 177.10 OK
r-release-linux-x86_64 0.3.2 12.79 101.03 113.82 OK
r-release-macos-x86_64 0.3.2 OK
r-release-windows-ix86+x86_64 0.3.2 43.00 291.00 334.00 OK
r-oldrel-macos-x86_64 0.3.2 OK
r-oldrel-windows-ix86+x86_64 0.3.2 24.00 190.00 214.00 OK

Check Details

Version: 0.3.2
Check: package dependencies
Result: ERROR
    Packages required but not available: 'd3r', 'broom'
    
    Package suggested but not available for checking: 'tidyr'
    
    See section 'The DESCRIPTION file' in the 'Writing R Extensions'
    manual.
Flavor: r-devel-linux-x86_64-debian-clang