Last updated on 2022-06-26 03:49:59 CEST.
Flavor | Version | Tinstall | Tcheck | Ttotal | Status | Flags |
---|---|---|---|---|---|---|
r-devel-linux-x86_64-debian-clang | 0.1.2.0 | 46.96 | 401.85 | 448.81 | OK | |
r-devel-linux-x86_64-debian-gcc | 0.1.2.0 | 38.88 | 290.89 | 329.77 | OK | |
r-devel-linux-x86_64-fedora-clang | 0.1.2.0 | 561.51 | NOTE | |||
r-devel-linux-x86_64-fedora-gcc | 0.1.2.0 | 530.57 | NOTE | |||
r-devel-windows-x86_64 | 0.1.2.0 | 64.00 | 413.00 | 477.00 | OK | |
r-patched-linux-x86_64 | 0.1.2.0 | 40.14 | 376.93 | 417.07 | OK | |
r-release-linux-x86_64 | 0.1.2.0 | 38.49 | 378.80 | 417.29 | OK | |
r-release-macos-arm64 | 0.1.2.0 | 120.00 | NOTE | |||
r-release-macos-x86_64 | 0.1.2.0 | 227.00 | NOTE | |||
r-release-windows-x86_64 | 0.1.2.0 | 65.00 | 393.00 | 458.00 | OK | |
r-oldrel-macos-arm64 | 0.1.2.0 | 120.00 | NOTE | |||
r-oldrel-macos-x86_64 | 0.1.2.0 | 162.00 | NOTE | |||
r-oldrel-windows-ix86+x86_64 | 0.1.2.0 | 98.00 | 403.00 | 501.00 | OK |
Version: 0.1.2.0
Check: data for non-ASCII characters
Result: NOTE
Note: found 1409 marked UTF-8 strings
Flavors: r-devel-linux-x86_64-fedora-clang, r-devel-linux-x86_64-fedora-gcc, r-release-macos-arm64, r-release-macos-x86_64, r-oldrel-macos-arm64, r-oldrel-macos-x86_64