CRAN Package Check Results for Package ebirdst

Last updated on 2020-09-27 03:46:30 CEST.

Flavor Version Tinstall Tcheck Ttotal Status Flags
r-devel-linux-x86_64-debian-clang 0.2.1 5.24 265.26 270.50 OK
r-devel-linux-x86_64-debian-gcc 0.2.1 4.60 174.39 178.99 OK
r-devel-linux-x86_64-fedora-clang 0.2.1 283.40 NOTE
r-devel-linux-x86_64-fedora-gcc 0.2.1 278.00 NOTE
r-devel-windows-ix86+x86_64 0.2.1 12.00 301.00 313.00 OK
r-patched-linux-x86_64 0.2.1 5.60 235.58 241.18 OK
r-patched-solaris-x86 0.2.1 344.90 NOTE
r-release-linux-x86_64 0.2.1 4.92 240.97 245.89 OK
r-release-macos-x86_64 0.2.1 NOTE
r-release-windows-ix86+x86_64 0.2.1 12.00 333.00 345.00 OK
r-oldrel-macos-x86_64 0.2.1 NOTE
r-oldrel-windows-ix86+x86_64 0.2.1 10.00 317.00 327.00 OK

Check Details

Version: 0.2.1
Check: dependencies in R code
Result: NOTE
    Namespaces in Imports field not imported from:
     ‘methods’ ‘mgcv’ ‘rappdirs’ ‘rgdal’ ‘scales’ ‘tools’
     All declared Imports should be used.
Flavors: r-devel-linux-x86_64-fedora-clang, r-devel-linux-x86_64-fedora-gcc, r-patched-solaris-x86, r-release-macos-x86_64, r-oldrel-macos-x86_64