CRAN Package Check Results for Package ebGenotyping

Last updated on 2021-09-19 03:50:59 CEST.

Flavor Version Tinstall Tcheck Ttotal Status Flags
r-devel-linux-x86_64-debian-clang 2.0.1 2.08 21.33 23.41 OK
r-devel-linux-x86_64-debian-gcc 2.0.1 1.62 17.22 18.84 OK
r-devel-linux-x86_64-fedora-clang 2.0.1 38.81 OK
r-devel-linux-x86_64-fedora-gcc 2.0.1 27.67 OK
r-devel-windows-x86_64 2.0.1 3.00 32.00 35.00 OK
r-devel-windows-x86_64-gcc10-UCRT 2.0.1 ERROR
r-patched-linux-x86_64 2.0.1 2.16 21.27 23.43 OK
r-patched-solaris-x86 2.0.1 43.00 OK
r-release-linux-x86_64 2.0.1 1.79 20.86 22.65 OK
r-release-macos-arm64 2.0.1 OK
r-release-macos-x86_64 2.0.1 OK
r-release-windows-ix86+x86_64 2.0.1 4.00 25.00 29.00 OK
r-oldrel-macos-x86_64 2.0.1 OK
r-oldrel-windows-ix86+x86_64 2.0.1 3.00 25.00 28.00 OK

Check Details

Version: 2.0.1
Check: whether package can be installed
Result: WARN
    Found the following significant warnings:
     WARNING: installation-time patches will not be applied, could not get the patches index
Flavor: r-devel-windows-x86_64-gcc10-UCRT

Version: 2.0.1
Check: PDF version of manual
Result: WARN
    LaTeX errors when creating PDF version.
    This typically indicates Rd problems.
Flavor: r-devel-windows-x86_64-gcc10-UCRT

Version: 2.0.1
Check: PDF version of manual without hyperrefs or index
Result: ERROR
    Re-running with no redirection of stdout/stderr.
Flavor: r-devel-windows-x86_64-gcc10-UCRT