CRAN Package Check Results for Package easyr

Last updated on 2022-07-03 15:52:31 CEST.

Flavor Version Tinstall Tcheck Ttotal Status Flags
r-devel-linux-x86_64-debian-clang 0.5-9 6.54 69.33 75.87 OK
r-devel-linux-x86_64-debian-gcc 0.5-9 5.21 51.36 56.57 OK
r-devel-linux-x86_64-fedora-clang 0.5-9 99.72 NOTE
r-devel-linux-x86_64-fedora-gcc 0.5-9 114.02 NOTE
r-devel-windows-x86_64 0.5-9 49.00 120.00 169.00 OK
r-patched-linux-x86_64 0.5-9 4.62 66.09 70.71 OK
r-release-linux-x86_64 0.5-9 3.78 64.94 68.72 OK
r-release-macos-arm64 0.5-9 35.00 NOTE
r-release-macos-x86_64 0.5-9 46.00 NOTE
r-release-windows-x86_64 0.5-9 54.00 114.00 168.00 OK
r-oldrel-macos-arm64 0.5-9 35.00 NOTE
r-oldrel-macos-x86_64 0.5-9 45.00 NOTE
r-oldrel-windows-ix86+x86_64 0.5-9 12.00 112.00 124.00 OK

Check Details

Version: 0.5-9
Check: dependencies in R code
Result: NOTE
    Namespace in Imports field not imported from: ‘rprojroot’
     All declared Imports should be used.
Flavors: r-devel-linux-x86_64-fedora-clang, r-devel-linux-x86_64-fedora-gcc, r-release-macos-arm64, r-release-macos-x86_64, r-oldrel-macos-arm64, r-oldrel-macos-x86_64