CRAN Package Check Results for Package easyVerification

Last updated on 2023-02-08 15:52:38 CET.

Flavor Version Tinstall Tcheck Ttotal Status Flags
r-devel-linux-x86_64-debian-clang 0.4.4 29.49 48.32 77.81 NOTE
r-devel-linux-x86_64-debian-gcc 0.4.4 22.59 37.59 60.18 NOTE
r-devel-linux-x86_64-fedora-clang 0.4.4 114.05 NOTE
r-devel-linux-x86_64-fedora-gcc 0.4.4 114.22 NOTE
r-devel-windows-x86_64 0.4.4 55.00 111.00 166.00 NOTE
r-patched-linux-x86_64 0.4.4 22.21 47.24 69.45 NOTE
r-release-linux-x86_64 0.4.4 26.50 47.48 73.98 NOTE
r-release-macos-arm64 0.4.4 32.00 NOTE
r-release-macos-x86_64 0.4.4 41.00 NOTE
r-release-windows-x86_64 0.4.4 57.00 116.00 173.00 NOTE
r-oldrel-macos-arm64 0.4.4 36.00 NOTE
r-oldrel-macos-x86_64 0.4.4 57.00 NOTE
r-oldrel-windows-ix86+x86_64 0.4.4 71.00 126.00 197.00 NOTE

Check Details

Version: 0.4.4
Check: LazyData
Result: NOTE
     'LazyData' is specified without a 'data' directory
Flavors: r-devel-linux-x86_64-debian-clang, r-devel-linux-x86_64-debian-gcc, r-devel-linux-x86_64-fedora-clang, r-devel-linux-x86_64-fedora-gcc, r-devel-windows-x86_64, r-patched-linux-x86_64, r-release-linux-x86_64, r-release-macos-arm64, r-release-macos-x86_64, r-release-windows-x86_64, r-oldrel-macos-arm64, r-oldrel-macos-x86_64, r-oldrel-windows-ix86+x86_64