CRAN Package Check Results for Package earthtide

Last updated on 2020-10-31 03:52:41 CET.

Flavor Version Tinstall Tcheck Ttotal Status Flags
r-devel-linux-x86_64-debian-clang 0.0.10 49.07 103.79 152.86 OK
r-devel-linux-x86_64-debian-gcc 0.0.10 39.56 78.73 118.29 OK
r-devel-linux-x86_64-fedora-clang 0.0.10 220.49 NOTE
r-devel-linux-x86_64-fedora-gcc 0.0.10 197.31 OK
r-devel-windows-ix86+x86_64 0.0.10 113.00 144.00 257.00 OK
r-patched-linux-x86_64 0.0.10 48.62 100.96 149.58 OK
r-patched-solaris-x86 0.0.10 651.00 OK
r-release-linux-x86_64 0.0.10 49.00 101.60 150.60 OK
r-release-macos-x86_64 0.0.10 NOTE
r-release-windows-ix86+x86_64 0.0.10 92.00 173.00 265.00 OK
r-oldrel-macos-x86_64 0.0.10 NOTE
r-oldrel-windows-ix86+x86_64 0.0.10 104.00 126.00 230.00 OK

Check Details

Version: 0.0.10
Check: installed package size
Result: NOTE
     installed size is 5.4Mb
     sub-directories of 1Mb or more:
     R 1.5Mb
     libs 3.5Mb
Flavors: r-devel-linux-x86_64-fedora-clang, r-release-macos-x86_64, r-oldrel-macos-x86_64