CRAN Package Check Results for Package earlyR

Last updated on 2022-09-25 15:56:41 CEST.

Flavor Version Tinstall Tcheck Ttotal Status Flags
r-devel-linux-x86_64-debian-clang 0.0.5 5.85 78.87 84.72 NOTE
r-devel-linux-x86_64-debian-gcc 0.0.5 4.78 58.52 63.30 NOTE
r-devel-linux-x86_64-fedora-clang 0.0.5 108.47 NOTE
r-devel-linux-x86_64-fedora-gcc 0.0.5 109.04 NOTE
r-devel-windows-x86_64 0.0.5 24.00 107.00 131.00 NOTE
r-patched-linux-x86_64 0.0.5 4.59 73.68 78.27 NOTE
r-release-linux-x86_64 0.0.5 5.25 74.75 80.00 NOTE
r-release-macos-arm64 0.0.5 37.00 NOTE
r-release-macos-x86_64 0.0.5 76.00 NOTE
r-release-windows-x86_64 0.0.5 12.00 112.00 124.00 NOTE
r-oldrel-macos-arm64 0.0.5 45.00 NOTE
r-oldrel-macos-x86_64 0.0.5 62.00 NOTE
r-oldrel-windows-ix86+x86_64 0.0.5 15.00 110.00 125.00 NOTE

Check Details

Version: 0.0.5
Check: LazyData
Result: NOTE
     'LazyData' is specified without a 'data' directory
Flavors: r-devel-linux-x86_64-debian-clang, r-devel-linux-x86_64-debian-gcc, r-devel-linux-x86_64-fedora-clang, r-devel-linux-x86_64-fedora-gcc, r-devel-windows-x86_64, r-patched-linux-x86_64, r-release-linux-x86_64, r-release-macos-arm64, r-release-macos-x86_64, r-release-windows-x86_64, r-oldrel-macos-arm64, r-oldrel-macos-x86_64, r-oldrel-windows-ix86+x86_64