Last updated on 2022-06-30 15:51:40 CEST.
Flavor | Version | Tinstall | Tcheck | Ttotal | Status | Flags |
---|---|---|---|---|---|---|
r-devel-linux-x86_64-debian-clang | 0.4.2 | 11.07 | 100.91 | 111.98 | OK | |
r-devel-linux-x86_64-debian-gcc | 0.4.2 | 8.11 | 72.17 | 80.28 | OK | |
r-devel-linux-x86_64-fedora-clang | 0.4.2 | 141.52 | WARN | |||
r-devel-linux-x86_64-fedora-gcc | 0.4.2 | 144.95 | WARN | |||
r-devel-windows-x86_64 | 0.4.2 | 27.00 | 125.00 | 152.00 | OK | |
r-patched-linux-x86_64 | 0.4.2 | 10.92 | 95.08 | 106.00 | OK | |
r-release-linux-x86_64 | 0.4.2 | 12.28 | 96.60 | 108.88 | OK | |
r-release-macos-arm64 | 0.4.2 | 45.00 | OK | |||
r-release-macos-x86_64 | 0.4.2 | 57.00 | OK | |||
r-release-windows-x86_64 | 0.4.2 | 29.00 | 126.00 | 155.00 | OK | |
r-oldrel-macos-arm64 | 0.4.2 | 33.00 | OK | |||
r-oldrel-macos-x86_64 | 0.4.2 | 51.00 | OK | |||
r-oldrel-windows-ix86+x86_64 | 0.4.2 | 23.00 | 118.00 | 141.00 | OK |
Version: 0.4.2
Check: package dependencies
Result: WARN
Requires orphaned package: ‘gtools’
Flavors: r-devel-linux-x86_64-fedora-clang, r-devel-linux-x86_64-fedora-gcc