CRAN Package Check Results for Package ePCR

Last updated on 2020-09-22 16:02:27 CEST.

Flavor Version Tinstall Tcheck Ttotal Status Flags
r-devel-linux-x86_64-debian-clang 0.9.9-11 13.36 110.83 124.19 OK
r-devel-linux-x86_64-debian-gcc 0.9.9-11 11.72 88.13 99.85 OK
r-devel-linux-x86_64-fedora-clang 0.9.9-11 170.95 NOTE
r-devel-linux-x86_64-fedora-gcc 0.9.9-11 166.38 OK
r-devel-windows-ix86+x86_64 0.9.9-11 34.00 126.00 160.00 OK
r-patched-linux-x86_64 0.9.9-11 10.51 109.67 120.18 OK
r-patched-solaris-x86 0.9.9-11 228.70 NOTE
r-release-linux-x86_64 0.9.9-11 11.31 109.33 120.64 OK
r-release-macos-x86_64 0.9.9-11 OK
r-release-windows-ix86+x86_64 0.9.9-11 28.00 114.00 142.00 OK
r-oldrel-macos-x86_64 0.9.9-11 OK
r-oldrel-windows-ix86+x86_64 0.9.9-11 15.00 151.00 166.00 OK

Check Details

Version: 0.9.9-11
Check: installed package size
Result: NOTE
     installed size is 5.0Mb
     sub-directories of 1Mb or more:
     data 4.3Mb
Flavors: r-devel-linux-x86_64-fedora-clang, r-patched-solaris-x86