Last updated on 2021-01-25 03:52:39 CET.
Flavor | Version | Tinstall | Tcheck | Ttotal | Status | Flags |
---|---|---|---|---|---|---|
r-devel-linux-x86_64-debian-clang | 1.5-3 | 116.86 | 35.47 | 152.33 | OK | |
r-devel-linux-x86_64-debian-gcc | 1.5-3 | 86.26 | 27.67 | 113.93 | OK | |
r-devel-linux-x86_64-fedora-clang | 1.5-3 | 229.99 | NOTE | |||
r-devel-linux-x86_64-fedora-gcc | 1.5-3 | 201.16 | OK | |||
r-devel-windows-ix86+x86_64 | 1.5-3 | 282.00 | 79.00 | 361.00 | OK | |
r-patched-linux-x86_64 | 1.5-3 | 94.55 | 33.87 | 128.42 | OK | |
r-patched-solaris-x86 | 1.5-3 | 201.20 | ERROR | |||
r-release-linux-x86_64 | 1.5-3 | 98.56 | 34.47 | 133.03 | OK | |
r-release-macos-x86_64 | 1.5-3 | OK | ||||
r-release-windows-ix86+x86_64 | 1.5-3 | 282.00 | 64.00 | 346.00 | OK | |
r-oldrel-macos-x86_64 | 1.5-3 | OK | ||||
r-oldrel-windows-ix86+x86_64 | 1.5-3 | 209.00 | 73.00 | 282.00 | OK |
Version: 1.5-3
Check: installed package size
Result: NOTE
installed size is 6.4Mb
sub-directories of 1Mb or more:
libs 6.1Mb
Flavor: r-devel-linux-x86_64-fedora-clang
Version: 1.5-3
Check: examples
Result: ERROR
Running examples in ‘eDMA-Ex.R’ failed
The error most likely occurred in:
> ### Name: BacktestDMA
> ### Title: Backtest measures for Dynamic Model Averaging and comparison
> ### with Dynamic Model Selection
> ### Aliases: BacktestDMA
>
> ### ** Examples
>
>
> library(eDMA)
>
> ## load data
> data("USData")
>
> ## do DMA, keep the first three predictors fixed and the intercept
> Fit <- DMA(GDPDEF ~ Lag(GDPDEF, 1) + Lag(GDPDEF, 2) + Lag(GDPDEF, 3) +
+ Lag(ROUTP, 1) + Lag(UNEMP, 1), data = USData, vDelta = c(0.9, 0.95, 0.99),
+ vKeep = c(1, 2, 3))
error: sort(): detected NaN
Error in funcEstimate_Eff_par(vY, mF, vDelta, dAlpha, vKeep, dBeta, bZellnerPrior, :
sort(): detected NaN
Calls: DMA -> funcEstimate_Eff_par
Execution halted
Flavor: r-patched-solaris-x86