CRAN Package Check Results for Package dynpred

Last updated on 2022-07-06 15:48:57 CEST.

Flavor Version Tinstall Tcheck Ttotal Status Flags
r-devel-linux-x86_64-debian-clang 0.1.2 8.45 91.64 100.09 NOTE
r-devel-linux-x86_64-debian-gcc 0.1.2 6.94 68.58 75.52 NOTE
r-devel-linux-x86_64-fedora-clang 0.1.2 131.39 NOTE
r-devel-linux-x86_64-fedora-gcc 0.1.2 130.64 NOTE
r-devel-windows-x86_64 0.1.2 23.00 118.00 141.00 NOTE
r-patched-linux-x86_64 0.1.2 9.25 86.99 96.24 OK
r-release-linux-x86_64 0.1.2 8.52 87.87 96.39 OK
r-release-macos-arm64 0.1.2 38.00 OK
r-release-macos-x86_64 0.1.2 55.00 OK
r-release-windows-x86_64 0.1.2 20.00 125.00 145.00 OK
r-oldrel-macos-arm64 0.1.2 47.00 OK
r-oldrel-macos-x86_64 0.1.2 77.00 OK
r-oldrel-windows-ix86+x86_64 0.1.2 21.00 158.00 179.00 OK

Check Details

Version: 0.1.2
Check: Rd files
Result: NOTE
    checkRd: (-1) NKI-breast-cancer-clinical-data.Rd:26: Escaped LaTeX specials: \&
    checkRd: (-1) NKI-breast-cancer-clinical-data.Rd:33: Escaped LaTeX specials: \&
    checkRd: (-1) NKI-breast-cancer-clinical-data.Rd:37: Escaped LaTeX specials: \&
    checkRd: (-1) WBC-follow-up-data.Rd:13: Escaped LaTeX specials: \&
    checkRd: (-1) WBC-follow-up-data.Rd:14: Escaped LaTeX specials: \&
    checkRd: (-1) WBC-follow-up-data.Rd:26: Escaped LaTeX specials: \&
    checkRd: (-1) WBC-follow-up-data.Rd:31: Escaped LaTeX specials: \&
    checkRd: (-1) WBC-follow-up-data.Rd:41: Escaped LaTeX specials: \&
    checkRd: (-1) WBC-measurements-data.Rd:13: Escaped LaTeX specials: \&
    checkRd: (-1) WBC-measurements-data.Rd:14: Escaped LaTeX specials: \&
    checkRd: (-1) WBC-measurements-data.Rd:25: Escaped LaTeX specials: \&
    checkRd: (-1) WBC-measurements-data.Rd:30: Escaped LaTeX specials: \&
    checkRd: (-1) WBC-measurements-data.Rd:40: Escaped LaTeX specials: \&
Flavors: r-devel-linux-x86_64-debian-clang, r-devel-linux-x86_64-debian-gcc, r-devel-linux-x86_64-fedora-clang, r-devel-linux-x86_64-fedora-gcc, r-devel-windows-x86_64

Version: 0.1.2
Check: compiled code
Result: NOTE
    File ‘dynpred/libs/dynpred.so’:
     Found no calls to: ‘R_registerRoutines’, ‘R_useDynamicSymbols’
    
    It is good practice to register native routines and to disable symbol
    search.
    
    See ‘Writing portable packages’ in the ‘Writing R Extensions’ manual.
Flavors: r-devel-linux-x86_64-fedora-clang, r-devel-linux-x86_64-fedora-gcc