Last updated on 2023-02-08 15:52:38 CET.
Flavor | Version | Tinstall | Tcheck | Ttotal | Status | Flags |
---|---|---|---|---|---|---|
r-devel-linux-x86_64-debian-clang | 1.0.2 | 11.85 | 108.48 | 120.33 | NOTE | |
r-devel-linux-x86_64-debian-gcc | 1.0.2 | 10.11 | 79.38 | 89.49 | NOTE | |
r-devel-linux-x86_64-fedora-clang | 1.0.2 | 154.47 | NOTE | |||
r-devel-linux-x86_64-fedora-gcc | 1.0.2 | 142.29 | NOTE | |||
r-devel-windows-x86_64 | 1.0.2 | 36.00 | 132.00 | 168.00 | NOTE | |
r-patched-linux-x86_64 | 1.0.2 | 10.57 | 100.96 | 111.53 | NOTE | |
r-release-linux-x86_64 | 1.0.2 | 10.16 | 104.63 | 114.79 | NOTE | |
r-release-macos-arm64 | 1.0.2 | 43.00 | NOTE | |||
r-release-macos-x86_64 | 1.0.2 | 89.00 | NOTE | |||
r-release-windows-x86_64 | 1.0.2 | 42.00 | 141.00 | 183.00 | NOTE | |
r-oldrel-macos-arm64 | 1.0.2 | 46.00 | NOTE | |||
r-oldrel-macos-x86_64 | 1.0.2 | 81.00 | NOTE | |||
r-oldrel-windows-ix86+x86_64 | 1.0.2 | 26.00 | 131.00 | 157.00 | NOTE |
Version: 1.0.2
Check: LazyData
Result: NOTE
'LazyData' is specified without a 'data' directory
Flavors: r-devel-linux-x86_64-debian-clang, r-devel-linux-x86_64-debian-gcc, r-devel-linux-x86_64-fedora-clang, r-devel-linux-x86_64-fedora-gcc, r-devel-windows-x86_64, r-patched-linux-x86_64, r-release-linux-x86_64, r-release-macos-arm64, r-release-macos-x86_64, r-release-windows-x86_64, r-oldrel-macos-arm64, r-oldrel-macos-x86_64, r-oldrel-windows-ix86+x86_64