CRAN Package Check Results for Package dynfeature

Last updated on 2022-05-22 03:51:23 CEST.

Flavor Version Tinstall Tcheck Ttotal Status Flags
r-devel-linux-x86_64-debian-clang 1.0.0 11.89 342.40 354.29 OK
r-devel-linux-x86_64-debian-gcc 1.0.0 9.16 231.39 240.55 OK
r-devel-linux-x86_64-fedora-clang 1.0.0 387.80 NOTE
r-devel-linux-x86_64-fedora-gcc 1.0.0 362.58 NOTE
r-devel-windows-x86_64 1.0.0 28.00 296.00 324.00 OK
r-patched-linux-x86_64 1.0.0 10.19 284.29 294.48 OK
r-release-linux-x86_64 1.0.0 10.18 303.86 314.04 OK
r-release-macos-arm64 1.0.0 119.00 NOTE
r-release-macos-x86_64 1.0.0 181.00 NOTE
r-release-windows-x86_64 1.0.0 22.00 304.00 326.00 OK
r-oldrel-macos-arm64 1.0.0 146.00 NOTE
r-oldrel-macos-x86_64 1.0.0 147.00 NOTE
r-oldrel-windows-ix86+x86_64 1.0.0 29.00 321.00 350.00 OK

Check Details

Version: 1.0.0
Check: dependencies in R code
Result: NOTE
    Namespace in Imports field not imported from: ‘magrittr’
     All declared Imports should be used.
Flavors: r-devel-linux-x86_64-fedora-clang, r-devel-linux-x86_64-fedora-gcc, r-release-macos-arm64, r-release-macos-x86_64, r-oldrel-macos-arm64, r-oldrel-macos-x86_64