CRAN Package Check Results for Package dynetNLAResistance

Last updated on 2020-09-19 03:49:42 CEST.

Flavor Version Tinstall Tcheck Ttotal Status Flags
r-devel-linux-x86_64-debian-clang 0.1.0 3.37 30.16 33.53 OK
r-devel-linux-x86_64-debian-gcc 0.1.0 2.81 23.75 26.56 OK
r-devel-linux-x86_64-fedora-clang 0.1.0 49.67 NOTE
r-devel-linux-x86_64-fedora-gcc 0.1.0 41.10 NOTE
r-devel-windows-ix86+x86_64 0.1.0 8.00 42.00 50.00 OK
r-patched-linux-x86_64 0.1.0 3.39 29.92 33.31 OK
r-patched-solaris-x86 0.1.0 74.60 NOTE
r-release-linux-x86_64 0.1.0 3.66 29.63 33.29 OK
r-release-macos-x86_64 0.1.0 NOTE
r-release-windows-ix86+x86_64 0.1.0 8.00 39.00 47.00 OK
r-oldrel-macos-x86_64 0.1.0 NOTE
r-oldrel-windows-ix86+x86_64 0.1.0 5.00 49.00 54.00 OK

Check Details

Version: 0.1.0
Check: dependencies in R code
Result: NOTE
    Namespace in Imports field not imported from: ‘graphics’
     All declared Imports should be used.
Flavors: r-devel-linux-x86_64-fedora-clang, r-devel-linux-x86_64-fedora-gcc, r-patched-solaris-x86, r-release-macos-x86_64, r-oldrel-macos-x86_64