CRAN Package Check Results for Package dwdradar

Last updated on 2020-09-22 03:49:20 CEST.

Flavor Version Tinstall Tcheck Ttotal Status Flags
r-devel-linux-x86_64-debian-clang 0.2.3 4.04 24.91 28.95 OK
r-devel-linux-x86_64-debian-gcc 0.2.3 1.09 1.90 2.99 ERROR
r-devel-linux-x86_64-fedora-clang 0.2.3 43.40 OK
r-devel-linux-x86_64-fedora-gcc 0.2.3 33.68 OK
r-devel-windows-ix86+x86_64 0.2.3 7.00 50.00 57.00 OK
r-patched-linux-x86_64 0.2.3 3.90 24.68 28.58 OK
r-patched-solaris-x86 0.2.3 55.00 OK
r-release-linux-x86_64 0.2.3 4.11 24.81 28.92 OK
r-release-macos-x86_64 0.2.3 OK
r-release-windows-ix86+x86_64 0.2.3 9.00 47.00 56.00 OK
r-oldrel-macos-x86_64 0.2.3 OK
r-oldrel-windows-ix86+x86_64 0.2.3 5.00 59.00 64.00 OK

Check Details

Version: 0.2.3
Check: whether package can be installed
Result: ERROR
    Installation failed.
Flavor: r-devel-linux-x86_64-debian-gcc