CRAN Package Check Results for Package dundermifflin

Last updated on 2024-06-19 03:50:24 CEST.

Flavor Version Tinstall Tcheck Ttotal Status Flags
r-devel-linux-x86_64-debian-clang 0.1.1 3.40 23.88 27.28 OK
r-devel-linux-x86_64-debian-gcc 0.1.1 2.75 18.49 21.24 OK
r-devel-linux-x86_64-fedora-clang 0.1.1 34.78 NOTE
r-devel-linux-x86_64-fedora-gcc 0.1.1 35.56 NOTE
r-devel-windows-x86_64 0.1.1 4.00 40.00 44.00 OK
r-patched-linux-x86_64 0.1.1 3.80 22.91 26.71 OK
r-release-linux-x86_64 0.1.1 3.39 23.41 26.80 OK
r-release-macos-arm64 0.1.1 15.00 OK
r-release-macos-x86_64 0.1.1 22.00 OK
r-release-windows-x86_64 0.1.1 4.00 41.00 45.00 OK
r-oldrel-macos-arm64 0.1.1 17.00 OK
r-oldrel-macos-x86_64 0.1.1 23.00 OK
r-oldrel-windows-x86_64 0.1.1 4.00 42.00 46.00 OK

Check Details

Version: 0.1.1
Check: data for non-ASCII characters
Result: NOTE Note: found 2854 marked UTF-8 strings Flavors: r-devel-linux-x86_64-fedora-clang, r-devel-linux-x86_64-fedora-gcc