CRAN Package Check Results for Package dundermifflin

Last updated on 2020-09-29 03:48:20 CEST.

Flavor Version Tinstall Tcheck Ttotal Status Flags
r-devel-linux-x86_64-debian-clang 0.1.1 3.32 21.28 24.60 OK
r-devel-linux-x86_64-debian-gcc 0.1.1 2.92 17.09 20.01 OK
r-devel-linux-x86_64-fedora-clang 0.1.1 39.81 NOTE
r-devel-linux-x86_64-fedora-gcc 0.1.1 29.74 NOTE
r-devel-windows-ix86+x86_64 0.1.1 7.00 37.00 44.00 OK
r-patched-linux-x86_64 0.1.1 3.75 20.91 24.66 OK
r-patched-solaris-x86 0.1.1 47.90 NOTE
r-release-linux-x86_64 0.1.1 3.29 21.06 24.35 OK
r-release-macos-x86_64 0.1.1 NOTE
r-release-windows-ix86+x86_64 0.1.1 22.00 35.00 57.00 OK
r-oldrel-macos-x86_64 0.1.1 NOTE
r-oldrel-windows-ix86+x86_64 0.1.1 6.00 34.00 40.00 OK

Check Details

Version: 0.1.1
Check: data for non-ASCII characters
Result: NOTE
     Note: found 2854 marked UTF-8 strings
Flavors: r-devel-linux-x86_64-fedora-clang, r-devel-linux-x86_64-fedora-gcc, r-patched-solaris-x86, r-release-macos-x86_64, r-oldrel-macos-x86_64