CRAN Package Check Results for Package dumbbell

Last updated on 2023-01-28 03:55:49 CET.

Flavor Version Tinstall Tcheck Ttotal Status Flags
r-devel-linux-x86_64-debian-clang 0.1 10.24 97.63 107.87 NOTE
r-devel-linux-x86_64-debian-gcc 0.1 9.30 72.73 82.03 NOTE
r-devel-linux-x86_64-fedora-clang 0.1 133.21 NOTE
r-devel-linux-x86_64-fedora-gcc 0.1 141.74 NOTE
r-devel-windows-x86_64 0.1 15.00 125.00 140.00 NOTE
r-patched-linux-x86_64 0.1 11.46 96.26 107.72 NOTE
r-release-linux-x86_64 0.1 9.40 96.67 106.07 NOTE
r-release-macos-arm64 0.1 38.00 NOTE
r-release-macos-x86_64 0.1 74.00 NOTE
r-release-windows-x86_64 0.1 16.00 141.00 157.00 NOTE
r-oldrel-macos-arm64 0.1 56.00 NOTE
r-oldrel-macos-x86_64 0.1 82.00 NOTE
r-oldrel-windows-ix86+x86_64 0.1 27.00 132.00 159.00 NOTE

Check Details

Version: 0.1
Check: LazyData
Result: NOTE
     'LazyData' is specified without a 'data' directory
Flavors: r-devel-linux-x86_64-debian-clang, r-devel-linux-x86_64-debian-gcc, r-devel-linux-x86_64-fedora-clang, r-devel-linux-x86_64-fedora-gcc, r-devel-windows-x86_64, r-patched-linux-x86_64, r-release-linux-x86_64, r-release-macos-arm64, r-release-macos-x86_64, r-release-windows-x86_64, r-oldrel-macos-arm64, r-oldrel-macos-x86_64, r-oldrel-windows-ix86+x86_64