CRAN Package Check Results for Package dumbbell

Last updated on 2024-07-18 15:48:59 CEST.

Flavor Version Tinstall Tcheck Ttotal Status Flags
r-devel-linux-x86_64-debian-clang 0.1 8.04 78.41 86.45 NOTE
r-devel-linux-x86_64-debian-gcc 0.1 5.69 58.47 64.16 NOTE
r-devel-linux-x86_64-fedora-clang 0.1 110.46 NOTE
r-devel-linux-x86_64-fedora-gcc 0.1 113.72 NOTE
r-devel-windows-x86_64 0.1 7.00 75.00 82.00 NOTE
r-patched-linux-x86_64 0.1 7.21 73.79 81.00 NOTE
r-release-linux-x86_64 0.1 6.80 73.48 80.28 NOTE
r-release-macos-arm64 0.1 37.00 NOTE
r-release-macos-x86_64 0.1 54.00 NOTE
r-release-windows-x86_64 0.1 7.00 73.00 80.00 NOTE
r-oldrel-macos-arm64 0.1 38.00 NOTE
r-oldrel-macos-x86_64 0.1 56.00 NOTE
r-oldrel-windows-x86_64 0.1 9.00 83.00 92.00 NOTE

Check Details

Version: 0.1
Check: LazyData
Result: NOTE 'LazyData' is specified without a 'data' directory Flavors: r-devel-linux-x86_64-debian-clang, r-devel-linux-x86_64-debian-gcc, r-devel-linux-x86_64-fedora-clang, r-devel-linux-x86_64-fedora-gcc, r-devel-windows-x86_64, r-patched-linux-x86_64, r-release-linux-x86_64, r-release-macos-arm64, r-release-macos-x86_64, r-release-windows-x86_64, r-oldrel-macos-arm64, r-oldrel-macos-x86_64, r-oldrel-windows-x86_64