CRAN Package Check Results for Package dtwSat

Last updated on 2020-07-13 15:48:23 CEST.

Flavor Version Tinstall Tcheck Ttotal Status Flags
r-devel-linux-x86_64-debian-clang 0.2.6 31.67 226.41 258.08 OK
r-devel-linux-x86_64-debian-gcc 0.2.6 26.63 172.05 198.68 OK
r-devel-linux-x86_64-fedora-clang 0.2.6 318.86 OK
r-devel-linux-x86_64-fedora-gcc 0.2.6 316.23 OK
r-devel-windows-ix86+x86_64 0.2.6 64.00 388.00 452.00 OK --no-vignettes
r-patched-linux-x86_64 0.2.6 30.18 217.00 247.18 OK
r-patched-solaris-x86 0.2.6 426.50 OK
r-release-linux-x86_64 0.2.6 31.73 216.29 248.02 OK
r-release-macos-x86_64 0.2.6 ERROR
r-release-windows-ix86+x86_64 0.2.6 85.00 296.00 381.00 OK --no-vignettes
r-oldrel-macos-x86_64 0.2.6 OK
r-oldrel-windows-ix86+x86_64 0.2.6 58.00 408.00 466.00 OK --no-vignettes

Check Details

Version: 0.2.6
Check: whether package can be installed
Result: ERROR
    Installation failed.
Flavor: r-release-macos-x86_64