CRAN Package Check Results for Package dscore

Last updated on 2022-08-13 04:57:46 CEST.

Flavor Version Tinstall Tcheck Ttotal Status Flags
r-devel-linux-x86_64-debian-clang 1.4.0 33.06 79.93 112.99 WARN
r-devel-linux-x86_64-debian-gcc 1.4.0 28.10 60.54 88.64 OK
r-devel-linux-x86_64-fedora-clang 1.4.0 161.54 WARN
r-devel-linux-x86_64-fedora-gcc 1.4.0 157.09 OK
r-devel-windows-x86_64 1.4.0 210.00 129.00 339.00 OK
r-patched-linux-x86_64 1.4.0 29.07 75.87 104.94 OK
r-release-linux-x86_64 1.4.0 30.27 75.15 105.42 OK
r-release-macos-arm64 1.4.0 45.00 OK
r-release-macos-x86_64 1.4.0 81.00 OK
r-release-windows-x86_64 1.4.0 43.00 142.00 185.00 OK
r-oldrel-macos-arm64 1.4.0 56.00 OK
r-oldrel-macos-x86_64 1.4.0 73.00 OK
r-oldrel-windows-ix86+x86_64 1.4.0 88.00 143.00 231.00 OK

Additional issues

clang14

Check Details

Version: 1.4.0
Check: whether package can be installed
Result: WARN
    Found the following significant warnings:
     dscore.cpp:135:9: warning: use of bitwise '|' with boolean operands [-Wbitwise-instead-of-logical]
Flavors: r-devel-linux-x86_64-debian-clang, r-devel-linux-x86_64-fedora-clang