CRAN Package Check Results for Package drtmle

Last updated on 2022-06-28 15:53:15 CEST.

Flavor Version Tinstall Tcheck Ttotal Status Flags
r-devel-linux-x86_64-debian-clang 1.1.1 11.57 295.37 306.94 OK
r-devel-linux-x86_64-debian-gcc 1.1.1 12.52 221.46 233.98 OK
r-devel-linux-x86_64-fedora-clang 1.1.1 363.83 WARN
r-devel-linux-x86_64-fedora-gcc 1.1.1 382.06 WARN
r-devel-windows-x86_64 1.1.1 321.00 362.00 683.00 OK
r-patched-linux-x86_64 1.1.1 15.81 285.35 301.16 OK
r-release-linux-x86_64 1.1.1 14.03 288.16 302.19 OK
r-release-macos-arm64 1.1.1 123.00 OK
r-release-macos-x86_64 1.1.1 150.00 OK
r-release-windows-x86_64 1.1.1 300.00 333.00 633.00 OK
r-oldrel-macos-arm64 1.1.1 109.00 OK
r-oldrel-macos-x86_64 1.1.1 141.00 OK
r-oldrel-windows-ix86+x86_64 1.1.1 29.00 321.00 350.00 OK

Check Details

Version: 1.1.1
Check: package dependencies
Result: WARN
    Requires (indirectly) orphaned package: ‘gtools’
Flavors: r-devel-linux-x86_64-fedora-clang, r-devel-linux-x86_64-fedora-gcc