CRAN Package Check Results for Package drifter

Last updated on 2023-09-28 15:58:19 CEST.

Flavor Version Tinstall Tcheck Ttotal Status Flags
r-devel-linux-x86_64-debian-clang 0.2.1 6.67 94.63 101.30 NOTE
r-devel-linux-x86_64-debian-gcc 0.2.1 4.66 72.13 76.79 NOTE
r-devel-linux-x86_64-fedora-clang 0.2.1 120.14 NOTE
r-devel-linux-x86_64-fedora-gcc 0.2.1 123.26 NOTE
r-devel-windows-x86_64 0.2.1 8.00 76.00 84.00 NOTE
r-patched-linux-x86_64 0.2.1 3.94 89.56 93.50 NOTE
r-release-linux-x86_64 0.2.1 5.21 90.30 95.51 NOTE
r-release-macos-arm64 0.2.1 35.00 NOTE
r-release-macos-x86_64 0.2.1 51.00 NOTE
r-release-windows-x86_64 0.2.1 8.00 84.00 92.00 NOTE
r-oldrel-macos-arm64 0.2.1 33.00 NOTE
r-oldrel-macos-x86_64 0.2.1 76.00 NOTE
r-oldrel-windows-x86_64 0.2.1 9.00 87.00 96.00 NOTE

Check Details

Version: 0.2.1
Check: LazyData
Result: NOTE
     'LazyData' is specified without a 'data' directory
Flavors: r-devel-linux-x86_64-debian-clang, r-devel-linux-x86_64-debian-gcc, r-devel-linux-x86_64-fedora-clang, r-devel-linux-x86_64-fedora-gcc, r-devel-windows-x86_64, r-patched-linux-x86_64, r-release-linux-x86_64, r-release-macos-arm64, r-release-macos-x86_64, r-release-windows-x86_64, r-oldrel-macos-arm64, r-oldrel-macos-x86_64, r-oldrel-windows-x86_64