Last updated on 2022-06-28 03:51:30 CEST.
Flavor | Version | Tinstall | Tcheck | Ttotal | Status | Flags |
---|---|---|---|---|---|---|
r-devel-linux-x86_64-debian-clang | 1.0.0 | 13.66 | 122.30 | 135.96 | OK | |
r-devel-linux-x86_64-debian-gcc | 1.0.0 | 10.14 | 88.30 | 98.44 | OK | |
r-devel-linux-x86_64-fedora-clang | 1.0.0 | 169.02 | NOTE | |||
r-devel-linux-x86_64-fedora-gcc | 1.0.0 | 173.20 | NOTE | |||
r-devel-windows-x86_64 | 1.0.0 | 24.00 | 125.00 | 149.00 | OK | |
r-patched-linux-x86_64 | 1.0.0 | 13.18 | 115.64 | 128.82 | OK | |
r-release-linux-x86_64 | 1.0.0 | 11.33 | 116.65 | 127.98 | OK | |
r-release-macos-arm64 | 1.0.0 | 44.00 | NOTE | |||
r-release-macos-x86_64 | 1.0.0 | 76.00 | NOTE | |||
r-release-windows-x86_64 | 1.0.0 | 21.00 | 120.00 | 141.00 | OK | |
r-oldrel-macos-arm64 | 1.0.0 | 74.00 | NOTE | |||
r-oldrel-macos-x86_64 | 1.0.0 | 86.00 | NOTE | |||
r-oldrel-windows-ix86+x86_64 | 1.0.0 | 27.00 | 119.00 | 146.00 | OK |
Version: 1.0.0
Check: dependencies in R code
Result: NOTE
Namespaces in Imports field not imported from:
‘magrittr’ ‘purrr’ ‘rlang’
All declared Imports should be used.
Flavors: r-devel-linux-x86_64-fedora-clang, r-devel-linux-x86_64-fedora-gcc, r-release-macos-arm64, r-release-macos-x86_64, r-oldrel-macos-arm64, r-oldrel-macos-x86_64
Version: 1.0.0
Check: Rd cross-references
Result: NOTE
Undeclared package ‘SimMultiCorrData’ in Rd xrefs
Flavor: r-devel-linux-x86_64-fedora-clang