Last updated on 2023-02-05 15:55:11 CET.
Flavor | Version | Tinstall | Tcheck | Ttotal | Status | Flags |
---|---|---|---|---|---|---|
r-devel-linux-x86_64-debian-clang | 0.1.7 | 1.70 | 26.04 | 27.74 | OK | |
r-devel-linux-x86_64-debian-gcc | 0.1.7 | 1.39 | 20.44 | 21.83 | OK | |
r-devel-linux-x86_64-fedora-clang | 0.1.7 | 36.15 | NOTE | |||
r-devel-linux-x86_64-fedora-gcc | 0.1.7 | 46.05 | NOTE | |||
r-devel-windows-x86_64 | 0.1.7 | 13.00 | 60.00 | 73.00 | OK | |
r-patched-linux-x86_64 | 0.1.7 | 1.95 | 26.39 | 28.34 | OK | |
r-release-linux-x86_64 | 0.1.7 | 2.05 | 27.35 | 29.40 | OK | |
r-release-macos-arm64 | 0.1.7 | 17.00 | NOTE | |||
r-release-macos-x86_64 | 0.1.7 | 24.00 | NOTE | |||
r-release-windows-x86_64 | 0.1.7 | 14.00 | 68.00 | 82.00 | OK | |
r-oldrel-macos-arm64 | 0.1.7 | 17.00 | NOTE | |||
r-oldrel-macos-x86_64 | 0.1.7 | 43.00 | NOTE | |||
r-oldrel-windows-ix86+x86_64 | 0.1.7 | 5.00 | 50.00 | 55.00 | OK |
Version: 0.1.7
Check: data for non-ASCII characters
Result: NOTE
Note: found 103 marked UTF-8 strings
Flavors: r-devel-linux-x86_64-fedora-clang, r-devel-linux-x86_64-fedora-gcc, r-release-macos-arm64, r-release-macos-x86_64, r-oldrel-macos-arm64, r-oldrel-macos-x86_64