Last updated on 2021-04-11 15:46:47 CEST.
Flavor | Version | Tinstall | Tcheck | Ttotal | Status | Flags |
---|---|---|---|---|---|---|
r-devel-linux-x86_64-debian-clang | 1.1.0 | 22.25 | 109.21 | 131.46 | NOTE | |
r-devel-linux-x86_64-debian-gcc | 1.1.0 | 21.44 | 83.29 | 104.73 | NOTE | |
r-devel-linux-x86_64-fedora-clang | 1.1.0 | 171.77 | NOTE | |||
r-devel-linux-x86_64-fedora-gcc | 1.1.0 | 158.51 | NOTE | |||
r-devel-windows-ix86+x86_64 | 1.1.0 | 33.00 | 98.00 | 131.00 | NOTE | |
r-devel-windows-x86_64-gcc10-UCRT | 1.1.0 | NOTE | ||||
r-patched-linux-x86_64 | 1.1.0 | 24.63 | 102.33 | 126.96 | OK | |
r-patched-solaris-x86 | 1.1.0 | 269.20 | NOTE | |||
r-release-linux-x86_64 | 1.1.0 | 22.37 | 100.80 | 123.17 | OK | |
r-release-macos-x86_64 | 1.1.0 | NOTE | ||||
r-release-windows-ix86+x86_64 | 1.1.0 | 48.00 | 135.00 | 183.00 | OK | |
r-oldrel-macos-x86_64 | 1.1.0 | NOTE | ||||
r-oldrel-windows-ix86+x86_64 | 1.1.0 | 48.00 | 126.00 | 174.00 | OK |
Version: 1.1.0
Check: LazyData
Result: NOTE
'LazyData' is specified without a 'data' directory
Flavors: r-devel-linux-x86_64-debian-clang, r-devel-linux-x86_64-debian-gcc, r-devel-linux-x86_64-fedora-clang, r-devel-linux-x86_64-fedora-gcc, r-devel-windows-ix86+x86_64, r-devel-windows-x86_64-gcc10-UCRT
Version: 1.1.0
Check: package dependencies
Result: NOTE
Imports includes 32 non-default packages.
Importing from so many packages makes the package vulnerable to any of
them becoming unavailable. Move as many as possible to Suggests and
use conditionally.
Flavor: r-devel-linux-x86_64-fedora-clang
Version: 1.1.0
Check: dependencies in R code
Result: NOTE
Namespace in Imports field not imported from: ‘htmltools’
All declared Imports should be used.
Flavors: r-devel-linux-x86_64-fedora-clang, r-devel-linux-x86_64-fedora-gcc, r-devel-windows-x86_64-gcc10-UCRT, r-patched-solaris-x86, r-release-macos-x86_64, r-oldrel-macos-x86_64