CRAN Package Check Results for Package dplyr

Last updated on 2022-12-06 15:53:53 CET.

Flavor Version Tinstall Tcheck Ttotal Status Flags
r-devel-linux-x86_64-debian-clang 1.0.10 23.33 334.32 357.65 OK
r-devel-linux-x86_64-debian-gcc 1.0.10 15.39 245.29 260.68 OK
r-devel-linux-x86_64-fedora-clang 1.0.10 443.44 NOTE
r-devel-linux-x86_64-fedora-gcc 1.0.10 450.72 NOTE
r-devel-windows-x86_64 1.0.10 163.00 400.00 563.00 OK
r-patched-linux-x86_64 1.0.10 25.55 304.41 329.96 OK
r-release-linux-x86_64 1.0.10 16.67 295.31 311.98 OK
r-release-macos-arm64 1.0.10 114.00 NOTE
r-release-macos-x86_64 1.0.10 140.00 NOTE
r-release-windows-x86_64 1.0.10 150.00 382.00 532.00 OK
r-oldrel-macos-arm64 1.0.10 119.00 NOTE
r-oldrel-macos-x86_64 1.0.10 147.00 NOTE
r-oldrel-windows-ix86+x86_64 1.0.10 45.00 625.00 670.00 OK

Check Details

Version: 1.0.10
Check: data for non-ASCII characters
Result: NOTE
     Note: found 4 marked UTF-8 strings
Flavors: r-devel-linux-x86_64-fedora-clang, r-devel-linux-x86_64-fedora-gcc, r-release-macos-arm64, r-release-macos-x86_64, r-oldrel-macos-arm64, r-oldrel-macos-x86_64