Last updated on 2023-10-01 05:05:40 CEST.
Flavor | Version | Tinstall | Tcheck | Ttotal | Status | Flags |
---|---|---|---|---|---|---|
r-devel-linux-x86_64-debian-clang | 1.1.3 | 30.07 | 373.35 | 403.42 | OK | |
r-devel-linux-x86_64-debian-gcc | 1.1.3 | 21.76 | 273.29 | 295.05 | OK | |
r-devel-linux-x86_64-fedora-clang | 1.1.3 | 516.24 | NOTE | |||
r-devel-linux-x86_64-fedora-gcc | 1.1.3 | 511.23 | NOTE | |||
r-devel-windows-x86_64 | 1.1.3 | 2.00 | 5.00 | 7.00 | ERROR | |
r-patched-linux-x86_64 | 1.1.3 | 30.99 | 362.09 | 393.08 | OK | |
r-release-linux-x86_64 | 1.1.3 | 25.08 | 364.15 | 389.23 | OK | |
r-release-macos-arm64 | 1.1.3 | 139.00 | OK | |||
r-release-macos-x86_64 | 1.1.3 | 350.00 | OK | |||
r-release-windows-x86_64 | 1.1.3 | 37.00 | 382.00 | 419.00 | OK | |
r-oldrel-macos-arm64 | 1.1.3 | 128.00 | OK | |||
r-oldrel-macos-x86_64 | 1.1.3 | 163.00 | OK | |||
r-oldrel-windows-x86_64 | 1.1.3 | 34.00 | 378.00 | 412.00 | OK |
Version: 1.1.3
Check: data for non-ASCII characters
Result: NOTE
Note: found 4 marked UTF-8 strings
Flavors: r-devel-linux-x86_64-fedora-clang, r-devel-linux-x86_64-fedora-gcc
Version: 1.1.3
Check: whether package can be installed
Result: ERROR
Installation failed.
Flavor: r-devel-windows-x86_64