CRAN Package Check Results for Package dplyr

Last updated on 2020-09-23 16:38:39 CEST.

Flavor Version Tinstall Tcheck Ttotal Status Flags
r-devel-linux-x86_64-debian-clang 1.0.2 21.09 167.73 188.82 OK
r-devel-linux-x86_64-debian-gcc 1.0.2 13.18 125.01 138.19 OK
r-devel-linux-x86_64-fedora-clang 1.0.2 233.69 NOTE
r-devel-linux-x86_64-fedora-gcc 1.0.2 218.33 NOTE
r-devel-windows-ix86+x86_64 1.0.2 55.00 285.00 340.00 OK
r-patched-linux-x86_64 1.0.2 14.69 159.51 174.20 OK
r-patched-solaris-x86 1.0.2 263.60 NOTE
r-release-linux-x86_64 1.0.2 15.50 158.98 174.48 OK
r-release-macos-x86_64 1.0.2 NOTE
r-release-windows-ix86+x86_64 1.0.2 52.00 387.00 439.00 OK
r-oldrel-macos-x86_64 1.0.2 NOTE
r-oldrel-windows-ix86+x86_64 1.0.2 1.00 5.00 6.00 ERROR

Check Details

Version: 1.0.2
Check: Rd cross-references
Result: NOTE
    Undeclared package ‘tidyr’ in Rd xrefs
Flavor: r-devel-linux-x86_64-fedora-clang

Version: 1.0.2
Check: data for non-ASCII characters
Result: NOTE
     Note: found 4 marked UTF-8 strings
Flavors: r-devel-linux-x86_64-fedora-clang, r-devel-linux-x86_64-fedora-gcc, r-patched-solaris-x86, r-release-macos-x86_64, r-oldrel-macos-x86_64

Version: 1.0.2
Check: whether package can be installed
Result: ERROR
    Installation failed.
Flavor: r-oldrel-windows-ix86+x86_64