CRAN Package Check Results for Package dparser

Last updated on 2020-09-24 03:52:54 CEST.

Flavor Version Tinstall Tcheck Ttotal Status Flags
r-devel-linux-x86_64-debian-clang 0.1.8 14.89 34.56 49.45 NOTE
r-devel-linux-x86_64-debian-gcc 0.1.8 10.77 27.41 38.18 NOTE
r-devel-linux-x86_64-fedora-clang 0.1.8 71.42 NOTE
r-devel-linux-x86_64-fedora-gcc 0.1.8 57.74 NOTE
r-devel-windows-ix86+x86_64 0.1.8 41.00 84.00 125.00 OK
r-patched-linux-x86_64 0.1.8 12.45 33.10 45.55 NOTE
r-patched-solaris-x86 0.1.8 73.00 NOTE
r-release-linux-x86_64 0.1.8 12.26 33.23 45.49 NOTE
r-release-macos-x86_64 0.1.8 OK
r-release-windows-ix86+x86_64 0.1.8 36.00 135.00 171.00 OK
r-oldrel-macos-x86_64 0.1.8 OK
r-oldrel-windows-ix86+x86_64 0.1.8 33.00 71.00 104.00 OK

Additional issues

clang-UBSAN gcc-UBSAN

Check Details

Version: 0.1.8
Check: for non-standard things in the check directory
Result: NOTE
    Found the following files/directories:
     'ansic_gram.c'
Flavors: r-devel-linux-x86_64-debian-clang, r-devel-linux-x86_64-debian-gcc, r-devel-linux-x86_64-fedora-clang, r-devel-linux-x86_64-fedora-gcc, r-patched-linux-x86_64, r-patched-solaris-x86, r-release-linux-x86_64