Last updated on 2023-02-01 03:54:11 CET.
Flavor | Version | Tinstall | Tcheck | Ttotal | Status | Flags |
---|---|---|---|---|---|---|
r-devel-linux-x86_64-debian-clang | 1.0 | 30.99 | 59.69 | 90.68 | NOTE | |
r-devel-linux-x86_64-debian-gcc | 1.0 | 24.97 | 44.97 | 69.94 | NOTE | |
r-devel-linux-x86_64-fedora-clang | 1.0 | 122.07 | NOTE | |||
r-devel-linux-x86_64-fedora-gcc | 1.0 | 116.88 | NOTE | |||
r-devel-windows-x86_64 | 1.0 | 34.00 | 126.00 | 160.00 | NOTE | |
r-patched-linux-x86_64 | 1.0 | 22.74 | 57.42 | 80.16 | NOTE | |
r-release-linux-x86_64 | 1.0 | 26.86 | 58.11 | 84.97 | NOTE | |
r-release-macos-arm64 | 1.0 | 35.00 | NOTE | |||
r-release-macos-x86_64 | 1.0 | 61.00 | NOTE | |||
r-release-windows-x86_64 | 1.0 | 48.00 | 126.00 | 174.00 | NOTE | |
r-oldrel-macos-arm64 | 1.0 | 37.00 | NOTE | |||
r-oldrel-macos-x86_64 | 1.0 | 50.00 | NOTE | |||
r-oldrel-windows-ix86+x86_64 | 1.0 | 77.00 | 134.00 | 211.00 | NOTE |
Version: 1.0
Check: C++ specification
Result: NOTE
Specified C++11: please update to current default of C++17
Flavors: r-devel-linux-x86_64-debian-clang, r-devel-linux-x86_64-debian-gcc, r-devel-linux-x86_64-fedora-clang, r-devel-linux-x86_64-fedora-gcc, r-devel-windows-x86_64
Version: 1.0
Check: LazyData
Result: NOTE
'LazyData' is specified without a 'data' directory
Flavors: r-devel-linux-x86_64-debian-clang, r-devel-linux-x86_64-debian-gcc, r-devel-linux-x86_64-fedora-clang, r-devel-linux-x86_64-fedora-gcc, r-devel-windows-x86_64, r-patched-linux-x86_64, r-release-linux-x86_64, r-release-macos-arm64, r-release-macos-x86_64, r-release-windows-x86_64, r-oldrel-macos-arm64, r-oldrel-macos-x86_64, r-oldrel-windows-ix86+x86_64
Version: 1.0
Check: dependencies in R code
Result: NOTE
Namespaces in Imports field not imported from:
‘dplyr’ ‘parallel’ ‘rgdal’ ‘sp’ ‘tensorflow’
All declared Imports should be used.
Flavors: r-devel-linux-x86_64-fedora-clang, r-devel-linux-x86_64-fedora-gcc, r-release-macos-arm64, r-release-macos-x86_64, r-oldrel-macos-arm64, r-oldrel-macos-x86_64