Last updated on 2022-06-28 03:51:30 CEST.
Flavor | Version | Tinstall | Tcheck | Ttotal | Status | Flags |
---|---|---|---|---|---|---|
r-devel-linux-x86_64-debian-clang | 0.7.4 | 8.77 | 155.09 | 163.86 | OK | |
r-devel-linux-x86_64-debian-gcc | 0.7.4 | 6.02 | 114.67 | 120.69 | OK | |
r-devel-linux-x86_64-fedora-clang | 0.7.4 | 198.55 | NOTE | |||
r-devel-linux-x86_64-fedora-gcc | 0.7.4 | 197.94 | OK | |||
r-devel-windows-x86_64 | 0.7.4 | 26.00 | 173.00 | 199.00 | OK | |
r-patched-linux-x86_64 | 0.7.4 | 13.30 | 142.35 | 155.65 | OK | |
r-release-linux-x86_64 | 0.7.4 | 6.39 | 143.84 | 150.23 | OK | |
r-release-macos-arm64 | 0.7.4 | 55.00 | OK | |||
r-release-macos-x86_64 | 0.7.4 | 112.00 | OK | |||
r-release-windows-x86_64 | 0.7.4 | 31.00 | 170.00 | 201.00 | OK | |
r-oldrel-macos-arm64 | 0.7.4 | 87.00 | OK | |||
r-oldrel-macos-x86_64 | 0.7.4 | 78.00 | OK | |||
r-oldrel-windows-ix86+x86_64 | 0.7.4 | 27.00 | 167.00 | 194.00 | OK |
Version: 0.7.4
Check: Rd cross-references
Result: NOTE
Undeclared package ‘broomExtra’ in Rd xrefs
Flavor: r-devel-linux-x86_64-fedora-clang