CRAN Package Check Results for Package dotdot

Last updated on 2020-10-26 03:48:21 CET.

Flavor Version Tinstall Tcheck Ttotal Status Flags
r-devel-linux-x86_64-debian-clang 0.1.0 1.78 20.83 22.61 NOTE
r-devel-linux-x86_64-debian-gcc 0.1.0 1.41 16.71 18.12 NOTE
r-devel-linux-x86_64-fedora-clang 0.1.0 37.28 OK
r-devel-linux-x86_64-fedora-gcc 0.1.0 27.45 OK
r-devel-windows-ix86+x86_64 0.1.0 5.00 39.00 44.00 NOTE
r-patched-linux-x86_64 0.1.0 1.63 20.48 22.11 NOTE
r-patched-solaris-x86 0.1.0 42.20 OK
r-release-linux-x86_64 0.1.0 1.75 20.32 22.07 NOTE
r-release-macos-x86_64 0.1.0 OK
r-release-windows-ix86+x86_64 0.1.0 3.00 28.00 31.00 NOTE
r-oldrel-macos-x86_64 0.1.0 OK
r-oldrel-windows-ix86+x86_64 0.1.0 4.00 37.00 41.00 OK

Check Details

Version: 0.1.0
Check: package vignettes
Result: NOTE
    Package vignette with placeholder title 'Vignette Title':
     'dotdot.Rmd'
Flavors: r-devel-linux-x86_64-debian-clang, r-devel-linux-x86_64-debian-gcc, r-devel-windows-ix86+x86_64, r-patched-linux-x86_64, r-release-linux-x86_64, r-release-windows-ix86+x86_64