Last updated on 2025-04-23 15:52:31 CEST.
Flavor | Version | Tinstall | Tcheck | Ttotal | Status | Flags |
---|---|---|---|---|---|---|
r-devel-linux-x86_64-debian-clang | 2.2.0 | 4.53 | 54.05 | 58.58 | OK | |
r-devel-linux-x86_64-debian-gcc | 2.2.0 | 2.98 | 40.45 | 43.43 | OK | |
r-devel-linux-x86_64-fedora-clang | 2.2.0 | 96.20 | OK | |||
r-devel-linux-x86_64-fedora-gcc | 2.2.0 | 102.94 | OK | |||
r-devel-windows-x86_64 | 2.2.0 | 5.00 | 107.00 | 112.00 | OK | |
r-patched-linux-x86_64 | 2.2.0 | 5.10 | 52.80 | 57.90 | OK | |
r-release-linux-x86_64 | 2.0.1 | 3.62 | 55.23 | 58.85 | NOTE | |
r-release-macos-arm64 | 2.2.0 | 73.00 | OK | |||
r-release-macos-x86_64 | 2.2.0 | 106.00 | OK | |||
r-release-windows-x86_64 | 2.2.0 | 5.00 | 109.00 | 114.00 | OK | |
r-oldrel-macos-arm64 | 2.2.0 | 67.00 | OK | |||
r-oldrel-macos-x86_64 | 2.2.0 | 103.00 | OK | |||
r-oldrel-windows-x86_64 | 2.2.0 | 7.00 | 93.00 | 100.00 | OK |
Version: 2.0.1
Check: Rd cross-references
Result: NOTE
Found the following Rd file(s) with Rd \link{} targets missing package
anchors:
dosresmeta-package.Rd: mvmeta, mvmeta-package, mvmeta.fit, blup
dosresmeta.Rd: mvmeta.fit, mvmeta
dosresmeta.control.Rd: mvmeta.control
dosresmetaObject.Rd: mvmetaObject
mlprof.fun.Rd: mvmeta.control, mvmeta.fit
Please provide package anchors for all Rd \link{} targets not in the
package itself and the base packages.
Flavor: r-release-linux-x86_64