Last updated on 2022-06-25 03:50:56 CEST.
Flavor | Version | Tinstall | Tcheck | Ttotal | Status | Flags |
---|---|---|---|---|---|---|
r-devel-linux-x86_64-debian-clang | 0.2.14 | 164.17 | 281.20 | 445.37 | NOTE | |
r-devel-linux-x86_64-debian-gcc | 0.2.14 | 145.44 | 210.47 | 355.91 | NOTE | |
r-devel-linux-x86_64-fedora-clang | 0.2.14 | 635.78 | NOTE | |||
r-devel-linux-x86_64-fedora-gcc | 0.2.14 | 597.49 | NOTE | |||
r-devel-windows-x86_64 | 0.2.14 | 166.00 | 304.00 | 470.00 | NOTE | |
r-patched-linux-x86_64 | 0.2.14 | 152.56 | 271.99 | 424.55 | NOTE | |
r-release-linux-x86_64 | 0.2.14 | 151.29 | 270.23 | 421.52 | NOTE | |
r-release-macos-arm64 | 0.2.14 | 170.00 | NOTE | |||
r-release-macos-x86_64 | 0.2.14 | 232.00 | NOTE | |||
r-release-windows-x86_64 | 0.2.14 | 173.00 | 311.00 | 484.00 | NOTE | |
r-oldrel-macos-arm64 | 0.2.14 | 166.00 | NOTE | |||
r-oldrel-macos-x86_64 | 0.2.14 | 224.00 | NOTE | |||
r-oldrel-windows-ix86+x86_64 | 0.2.14 | 410.00 | 441.00 | 851.00 | NOTE |
Version: 0.2.14
Check: for GNU extensions in Makefiles
Result: NOTE
GNU make is a SystemRequirements.
Flavors: r-devel-linux-x86_64-debian-clang, r-devel-linux-x86_64-debian-gcc, r-devel-linux-x86_64-fedora-clang, r-devel-linux-x86_64-fedora-gcc, r-devel-windows-x86_64, r-patched-linux-x86_64, r-release-linux-x86_64, r-release-macos-arm64, r-release-macos-x86_64, r-release-windows-x86_64, r-oldrel-macos-arm64, r-oldrel-macos-x86_64, r-oldrel-windows-ix86+x86_64
Version: 0.2.14
Check: installed package size
Result: NOTE
installed size is 14.2Mb
sub-directories of 1Mb or more:
doc 5.3Mb
libs 8.3Mb
Flavors: r-devel-linux-x86_64-fedora-clang, r-devel-windows-x86_64, r-release-macos-arm64, r-release-macos-x86_64, r-release-windows-x86_64, r-oldrel-macos-arm64, r-oldrel-macos-x86_64, r-oldrel-windows-ix86+x86_64