CRAN Package Check Results for Package documenter

Last updated on 2020-10-23 15:48:04 CEST.

Flavor Version Tinstall Tcheck Ttotal Status Flags
r-devel-linux-x86_64-debian-clang 0.1.1 2.42 32.89 35.31 NOTE
r-devel-linux-x86_64-debian-gcc 0.1.1 2.01 26.16 28.17 NOTE
r-devel-linux-x86_64-fedora-clang 0.1.1 52.28 NOTE
r-devel-linux-x86_64-fedora-gcc 0.1.1 42.16 NOTE
r-devel-windows-ix86+x86_64 0.1.1 6.00 52.00 58.00 NOTE
r-patched-linux-x86_64 0.1.1 2.35 32.16 34.51 NOTE
r-patched-solaris-x86 0.1.1 65.50 NOTE
r-release-linux-x86_64 0.1.1 2.48 32.12 34.60 NOTE
r-release-macos-x86_64 0.1.1 OK
r-release-windows-ix86+x86_64 0.1.1 4.00 42.00 46.00 NOTE
r-oldrel-macos-x86_64 0.1.1 OK
r-oldrel-windows-ix86+x86_64 0.1.1 4.00 50.00 54.00 OK

Check Details

Version: 0.1.1
Check: package vignettes
Result: NOTE
    Package vignette with placeholder title 'Vignette Title':
     'documenter.Rmd'
Flavors: r-devel-linux-x86_64-debian-clang, r-devel-linux-x86_64-debian-gcc, r-devel-windows-ix86+x86_64, r-patched-linux-x86_64, r-release-linux-x86_64, r-release-windows-ix86+x86_64

Version: 0.1.1
Check: for non-standard things in the check directory
Result: NOTE
    Found the following files/directories:
     'annotation_file.yml'
Flavors: r-devel-linux-x86_64-debian-clang, r-devel-linux-x86_64-debian-gcc, r-devel-linux-x86_64-fedora-clang, r-devel-linux-x86_64-fedora-gcc, r-patched-linux-x86_64, r-patched-solaris-x86, r-release-linux-x86_64