CRAN Package Check Results for Package docknitr

Last updated on 2023-02-01 03:54:11 CET.

Flavor Version Tinstall Tcheck Ttotal Status Flags
r-devel-linux-x86_64-debian-clang 1.0.1 2.37 25.35 27.72 NOTE
r-devel-linux-x86_64-debian-gcc 1.0.1 1.74 20.02 21.76 NOTE
r-devel-linux-x86_64-fedora-clang 1.0.1 36.41 NOTE
r-devel-linux-x86_64-fedora-gcc 1.0.1 45.95 NOTE
r-devel-windows-x86_64 1.0.1 10.00 58.00 68.00 NOTE
r-patched-linux-x86_64 1.0.1 2.27 25.65 27.92 NOTE
r-release-linux-x86_64 1.0.1 2.09 24.81 26.90 NOTE
r-release-macos-arm64 1.0.1 17.00 NOTE
r-release-macos-x86_64 1.0.1 23.00 NOTE
r-release-windows-x86_64 1.0.1 12.00 62.00 74.00 NOTE
r-oldrel-macos-arm64 1.0.1 21.00 NOTE
r-oldrel-macos-x86_64 1.0.1 30.00 NOTE
r-oldrel-windows-ix86+x86_64 1.0.1 6.00 54.00 60.00 NOTE

Check Details

Version: 1.0.1
Check: LazyData
Result: NOTE
     'LazyData' is specified without a 'data' directory
Flavors: r-devel-linux-x86_64-debian-clang, r-devel-linux-x86_64-debian-gcc, r-devel-linux-x86_64-fedora-clang, r-devel-linux-x86_64-fedora-gcc, r-devel-windows-x86_64, r-patched-linux-x86_64, r-release-linux-x86_64, r-release-macos-arm64, r-release-macos-x86_64, r-release-windows-x86_64, r-oldrel-macos-arm64, r-oldrel-macos-x86_64, r-oldrel-windows-ix86+x86_64