CRAN Package Check Results for Package doParallel

Last updated on 2020-08-15 03:48:02 CEST.

Flavor Version Tinstall Tcheck Ttotal Status Flags
r-devel-linux-x86_64-debian-clang 1.0.15 2.55 121.29 123.84 NOTE
r-devel-linux-x86_64-debian-gcc 1.0.15 2.08 91.34 93.42 NOTE
r-devel-linux-x86_64-fedora-clang 1.0.15 151.33 OK
r-devel-linux-x86_64-fedora-gcc 1.0.15 145.10 OK
r-devel-windows-ix86+x86_64 1.0.15 10.00 132.00 142.00 OK
r-patched-linux-x86_64 1.0.15 2.58 119.90 122.48 NOTE
r-patched-solaris-x86 1.0.15 301.30 OK
r-release-linux-x86_64 1.0.15 2.57 120.45 123.02 NOTE
r-release-macos-x86_64 1.0.15 OK
r-release-windows-ix86+x86_64 1.0.15 8.00 126.00 134.00 OK
r-oldrel-macos-x86_64 1.0.15 OK
r-oldrel-windows-ix86+x86_64 1.0.15 5.00 171.00 176.00 OK

Check Details

Version: 1.0.15
Check: R code for possible problems
Result: NOTE
    Found the following calls to attach():
    File 'doParallel/R/doParallel.R':
     attach(exportEnv)
    See section 'Good practice' in '?attach'.
Flavors: r-devel-linux-x86_64-debian-clang, r-devel-linux-x86_64-debian-gcc, r-patched-linux-x86_64, r-release-linux-x86_64