Last updated on 2023-12-01 15:53:32 CET.
Flavor | Version | Tinstall | Tcheck | Ttotal | Status | Flags |
---|---|---|---|---|---|---|
r-devel-linux-x86_64-debian-clang | 4.6.20 | 24.60 | 171.77 | 196.37 | OK | |
r-devel-linux-x86_64-debian-gcc | 4.6.20 | 21.99 | 131.77 | 153.76 | OK | |
r-devel-linux-x86_64-fedora-clang | 4.6.20 | 262.40 | OK | |||
r-devel-linux-x86_64-fedora-gcc | 4.6.20 | 249.30 | OK | |||
r-devel-windows-x86_64 | 4.6.20 | 23.00 | 190.00 | 213.00 | OK | |
r-patched-linux-x86_64 | 4.6.20 | 19.93 | 156.71 | 176.64 | OK | |
r-release-linux-x86_64 | 4.6.20 | 18.87 | 165.54 | 184.41 | OK | |
r-release-macos-arm64 | 4.6.20 | 95.00 | NOTE | |||
r-release-macos-x86_64 | 4.6.20 | 202.00 | NOTE | |||
r-release-windows-x86_64 | 4.6.20 | 31.00 | 221.00 | 252.00 | OK | |
r-oldrel-macos-arm64 | 4.6.20 | 112.00 | NOTE | |||
r-oldrel-macos-x86_64 | 4.6.19 | 114.00 | OK | |||
r-oldrel-windows-x86_64 | 4.6.20 | 32.00 | 216.00 | 248.00 | OK |
Version: 4.6.20
Check: installed package size
Result: NOTE
installed size is 5.6Mb
sub-directories of 1Mb or more:
data 4.7Mb
Flavors: r-release-macos-arm64, r-release-macos-x86_64, r-oldrel-macos-arm64