CRAN Package Check Results for Package dnapath

Last updated on 2022-06-26 03:49:59 CEST.

Flavor Version Tinstall Tcheck Ttotal Status Flags
r-devel-linux-x86_64-debian-clang 0.7.4 35.57 229.25 264.82 OK
r-devel-linux-x86_64-debian-gcc 0.7.4 28.92 165.93 194.85 OK
r-devel-linux-x86_64-fedora-clang 0.7.4 323.72 WARN
r-devel-linux-x86_64-fedora-gcc 0.7.4 322.27 WARN
r-devel-windows-x86_64 0.7.4 64.00 376.00 440.00 OK
r-patched-linux-x86_64 0.7.4 33.87 218.71 252.58 OK
r-release-linux-x86_64 0.7.4 29.32 218.92 248.24 OK
r-release-macos-arm64 0.7.4 98.00 OK
r-release-macos-x86_64 0.7.4 148.00 OK
r-release-windows-x86_64 0.7.4 60.00 350.00 410.00 OK
r-oldrel-macos-arm64 0.7.4 104.00 OK
r-oldrel-macos-x86_64 0.7.4 161.00 OK
r-oldrel-windows-ix86+x86_64 0.7.4 88.00 499.00 587.00 OK

Check Details

Version: 0.7.4
Check: package dependencies
Result: WARN
    Requires orphaned package: ‘gtools’
Flavors: r-devel-linux-x86_64-fedora-clang, r-devel-linux-x86_64-fedora-gcc