CRAN Package Check Results for Package dna

Last updated on 2020-11-25 15:51:54 CET.

Flavor Version Tinstall Tcheck Ttotal Status Flags
r-devel-linux-x86_64-debian-clang 2.1-2 9.97 37.55 47.52 OK
r-devel-linux-x86_64-debian-gcc 2.1-2 6.46 30.92 37.38 OK
r-devel-linux-x86_64-fedora-clang 2.1-2 62.24 OK
r-devel-linux-x86_64-fedora-gcc 2.1-2 51.36 OK
r-devel-windows-ix86+x86_64 2.1-2 27.00 72.00 99.00 OK
r-patched-linux-x86_64 2.1-2 9.83 35.75 45.58 OK
r-patched-solaris-x86 2.1-2 73.40 OK
r-release-linux-x86_64 2.1-2 9.90 35.82 45.72 OK
r-release-macos-x86_64 2.1-2 OK
r-release-windows-ix86+x86_64 2.1-2 28.00 60.00 88.00 OK
r-oldrel-macos-x86_64 2.1-2 ERROR

Check Details

Version: 2.1-2
Check: whether package can be installed
Result: ERROR
    Installation failed.
Flavor: r-oldrel-macos-x86_64