CRAN Package Check Results for Package dmtools

Last updated on 2022-07-03 15:52:30 CEST.

Flavor Version Tinstall Tcheck Ttotal Status Flags
r-devel-linux-x86_64-debian-clang 0.2.6 4.19 51.56 55.75 NOTE
r-devel-linux-x86_64-debian-gcc 0.2.6 3.21 39.30 42.51 NOTE
r-devel-linux-x86_64-fedora-clang 0.2.6 77.38 NOTE
r-devel-linux-x86_64-fedora-gcc 0.2.6 77.80 NOTE
r-devel-windows-x86_64 0.2.6 17.00 88.00 105.00 NOTE
r-patched-linux-x86_64 0.2.6 4.41 49.98 54.39 NOTE
r-release-linux-x86_64 0.2.6 4.07 49.49 53.56 NOTE
r-release-macos-arm64 0.2.6 27.00 NOTE
r-release-macos-x86_64 0.2.6 51.00 NOTE
r-release-windows-x86_64 0.2.6 21.00 90.00 111.00 NOTE
r-oldrel-macos-arm64 0.2.6 31.00 NOTE
r-oldrel-macos-x86_64 0.2.6 47.00 NOTE
r-oldrel-windows-ix86+x86_64 0.2.6 9.00 81.00 90.00 NOTE

Check Details

Version: 0.2.6
Check: LazyData
Result: NOTE
     'LazyData' is specified without a 'data' directory
Flavors: r-devel-linux-x86_64-debian-clang, r-devel-linux-x86_64-debian-gcc, r-devel-linux-x86_64-fedora-clang, r-devel-linux-x86_64-fedora-gcc, r-devel-windows-x86_64, r-patched-linux-x86_64, r-release-linux-x86_64, r-release-macos-arm64, r-release-macos-x86_64, r-release-windows-x86_64, r-oldrel-macos-arm64, r-oldrel-macos-x86_64, r-oldrel-windows-ix86+x86_64