CRAN Package Check Results for Package dmdScheme

Last updated on 2020-09-28 03:47:40 CEST.

Flavor Version Tinstall Tcheck Ttotal Status Flags
r-devel-linux-x86_64-debian-clang 1.2.6 9.74 755.27 765.01 OK
r-devel-linux-x86_64-debian-gcc 1.2.6 7.62 544.02 551.64 OK
r-devel-linux-x86_64-fedora-clang 1.2.6 913.40 OK
r-devel-linux-x86_64-fedora-gcc 1.2.6 153.35 NOTE
r-devel-windows-ix86+x86_64 1.2.6 25.00 174.00 199.00 OK
r-patched-linux-x86_64 1.2.6 10.76 649.92 660.68 OK
r-patched-solaris-x86 1.2.6 1137.80 OK
r-release-linux-x86_64 1.2.6 9.14 646.60 655.74 OK
r-release-macos-x86_64 1.2.6 OK
r-release-windows-ix86+x86_64 1.2.6 27.00 172.00 199.00 OK
r-oldrel-macos-x86_64 1.2.6 OK
r-oldrel-windows-ix86+x86_64 1.2.6 22.00 165.00 187.00 OK

Check Details

Version: 1.2.6
Check: for non-standard things in the check directory
Result: NOTE
    Found the following files/directories:
     ‘emeScheme’
Flavor: r-devel-linux-x86_64-fedora-gcc