Last updated on 2022-06-30 15:51:39 CEST.
Flavor | Version | Tinstall | Tcheck | Ttotal | Status | Flags |
---|---|---|---|---|---|---|
r-devel-linux-x86_64-debian-clang | 0.3.4 | 156.01 | 128.18 | 284.19 | NOTE | |
r-devel-linux-x86_64-debian-gcc | 0.3.4 | 138.53 | 95.08 | 233.61 | NOTE | |
r-devel-linux-x86_64-fedora-clang | 0.3.4 | 410.13 | NOTE | |||
r-devel-linux-x86_64-fedora-gcc | 0.3.4 | 389.83 | NOTE | |||
r-devel-windows-x86_64 | 0.3.4 | 146.00 | 168.00 | 314.00 | NOTE | |
r-patched-linux-x86_64 | 0.3.4 | 139.21 | 122.95 | 262.16 | NOTE | |
r-release-linux-x86_64 | 0.3.4 | 139.62 | 121.49 | 261.11 | NOTE | |
r-release-macos-arm64 | 0.3.4 | 86.00 | NOTE | |||
r-release-macos-x86_64 | 0.3.4 | 122.00 | NOTE | |||
r-release-windows-x86_64 | 0.3.4 | 208.00 | 173.00 | 381.00 | NOTE | |
r-oldrel-macos-arm64 | 0.3.4 | 83.00 | NOTE | |||
r-oldrel-macos-x86_64 | 0.3.4 | 118.00 | NOTE | |||
r-oldrel-windows-ix86+x86_64 | 0.3.4 | 372.00 | 196.00 | 568.00 | NOTE |
Version: 0.3.4
Check: package dependencies
Result: NOTE
Package suggested but not available for checking: 'BOLTSSIRR'
Flavors: r-devel-linux-x86_64-debian-clang, r-devel-linux-x86_64-debian-gcc, r-devel-linux-x86_64-fedora-clang, r-devel-linux-x86_64-fedora-gcc, r-devel-windows-x86_64, r-patched-linux-x86_64, r-release-linux-x86_64, r-release-macos-arm64, r-release-macos-x86_64, r-release-windows-x86_64, r-oldrel-macos-arm64, r-oldrel-macos-x86_64, r-oldrel-windows-ix86+x86_64
Version: 0.3.4
Check: installed package size
Result: NOTE
installed size is 6.8Mb
sub-directories of 1Mb or more:
libs 6.3Mb
Flavors: r-devel-linux-x86_64-fedora-clang, r-release-macos-arm64, r-release-macos-x86_64, r-oldrel-macos-arm64, r-oldrel-macos-x86_64